{"id":512,"date":"2022-12-17T22:38:50","date_gmt":"2022-12-17T20:38:50","guid":{"rendered":"http:\/\/elamanielaimet.fi\/?post_type=product&#038;p=512"},"modified":"2025-08-19T10:20:40","modified_gmt":"2025-08-19T07:20:40","slug":"elamani-elaimet-jampan-villielainhoitola-kirja","status":"publish","type":"product","link":"https:\/\/elamanielaimet.fi\/?product=elamani-elaimet-jampan-villielainhoitola-kirja","title":{"rendered":"El\u00e4m\u00e4ni El\u00e4imet &#8211; Jampan villiel\u00e4inhoitola -kirja"},"content":{"rendered":"<p>Voit tilata kirjan meilt\u00e4 signeerattuna. Kirjassa on Jampan omistuskirjoitus. Kirjoita tilauksen kommenttikentt\u00e4\u00e4n kenelle haluat signeerauksen omistaa. Muuten Jamppa laittaa vain signeerauksen.<\/p>\n<p>Kovakantinen. 239 sivua.<\/p>\n<p>&#8221;Jokaisella el\u00e4imell\u00e4 on oikeus el\u00e4\u00e4&#8221;<\/p>\n","protected":false},"excerpt":{"rendered":"<p>Voit tilata kirjan meilt\u00e4 signeerattuna. Kirjassa on Jampan omistuskirjoitus. Kirjoita tilauksen kommenttikentt\u00e4\u00e4n kenelle haluat signeerauksen omistaa. Muuten Jamppa laittaa vain signeerauksen. Kovakantinen. 239 sivua. &#8221;Jokaisella el\u00e4imell\u00e4 on oikeus el\u00e4\u00e4&#8221; <a class=\"continue-reading-link\" href=\"https:\/\/elamanielaimet.fi\/?product=elamani-elaimet-jampan-villielainhoitola-kirja\">Jatkuu&#8230;<\/a><\/p>\n","protected":false},"featured_media":513,"template":"","meta":[],"product_cat":[22],"product_tag":[],"class_list":{"0":"post-512","1":"product","2":"type-product","3":"status-publish","4":"has-post-thumbnail","6":"product_cat-kirjat","7":"product_shipping_class-kirja","9":"first","10":"instock","11":"shipping-taxable","12":"purchasable","13":"product-type-simple"},"_links":{"self":[{"href":"https:\/\/elamanielaimet.fi\/index.php?rest_route=\/wp\/v2\/product\/512","targetHints":{"allow":["GET"]}}],"collection":[{"href":"https:\/\/elamanielaimet.fi\/index.php?rest_route=\/wp\/v2\/product"}],"about":[{"href":"https:\/\/elamanielaimet.fi\/index.php?rest_route=\/wp\/v2\/types\/product"}],"wp:featuredmedia":[{"embeddable":true,"href":"https:\/\/elamanielaimet.fi\/index.php?rest_route=\/wp\/v2\/media\/513"}],"wp:attachment":[{"href":"https:\/\/elamanielaimet.fi\/index.php?rest_route=%2Fwp%2Fv2%2Fmedia&parent=512"}],"wp:term":[{"taxonomy":"product_cat","embeddable":true,"href":"https:\/\/elamanielaimet.fi\/index.php?rest_route=%2Fwp%2Fv2%2Fproduct_cat&post=512"},{"taxonomy":"product_tag","embeddable":true,"href":"https:\/\/elamanielaimet.fi\/index.php?rest_route=%2Fwp%2Fv2%2Fproduct_tag&post=512"}],"curies":[{"name":"wp","href":"https:\/\/api.w.org\/{rel}","templated":true}]}}